{"id":228,"date":"2022-02-24T17:56:20","date_gmt":"2022-02-24T22:56:20","guid":{"rendered":"https:\/\/christianpicard.ca\/?page_id=228"},"modified":"2024-06-03T10:53:01","modified_gmt":"2024-06-03T14:53:01","slug":"publications","status":"publish","type":"page","link":"https:\/\/christianpicard.ca\/index.php\/publications\/","title":{"rendered":"Publications"},"content":{"rendered":"\n<h4 class=\"wp-block-heading has-small-font-size\">Publications scientifiques<\/h4>\n\n\n\n<p class=\"has-small-font-size\"><a href=\"https:\/\/scholar.google.com\/citations?user=3lZaViUAAAAJ&amp;hl=fr\" target=\"_blank\" rel=\"noreferrer noopener\"><em>Profil Google Scholar<\/em><\/a><\/p>\n\n\n\n<ul class=\"wp-block-list\">\n<li class=\"has-small-font-size\"><a href=\"https:\/\/www.erudit.org\/en\/journals\/ps\/1900-v1-n1-ps06695\/1085194ar\/abstract\/\" target=\"_blank\" rel=\"noreferrer noopener\"><em>Secret Wars: Covert Conflict in International Relations<\/em>, d\u2019Austin Carson, Princeton University Press, 2018, 325 p.<\/a> [recension] (2022, <em>Politique et soci\u00e9t\u00e9<\/em>)<\/li>\n\n\n\n<li class=\"has-small-font-size\"><a href=\"https:\/\/doi.org\/10.7202\/1068378ar\" target=\"_blank\" rel=\"noreferrer noopener\"><em>Domestic Law in International Investment Arbitration<\/em>, de Jarrod Hepburn, Oxford, Oxford University Press, 2017, 320\u00a0p.<\/a> [recension] (2020, <em>Politique et soci\u00e9t\u00e9<\/em>)<\/li>\n<\/ul>\n\n\n\n<h4 class=\"wp-block-heading has-small-font-size\">Analyses acad\u00e9miques<\/h4>\n\n\n\n<ul class=\"wp-block-list\">\n<li class=\"has-small-font-size\"><a href=\"https:\/\/csi-hei.org\/author\/123456qwertyuiopnmcxxr6i\/\" target=\"_blank\" rel=\"noreferrer noopener\">Centre sur la s\u00e9curit\u00e9 internationale<\/a> (CSI &#8211; Universit\u00e9 Laval)<\/li>\n\n\n\n<li class=\"has-small-font-size\"><a href=\"http:\/\/www.45enord.ca\/category\/blogues\/christian-picard\/\" target=\"_blank\" rel=\"noreferrer noopener\">Mes analyses sur 45eNord<\/a><\/li>\n<\/ul>\n\n\n\n<h4 class=\"wp-block-heading has-small-font-size\">Lettres ouvertes<\/h4>\n\n\n\n<ul class=\"wp-block-list\">\n<li class=\"has-small-font-size\"><a href=\"https:\/\/www.lapresse.ca\/debats\/opinions\/2020-08-30\/les-rose-quand-personnalites-et-politiciens-font-l-apologie-du-terrorisme.php\" target=\"_blank\" rel=\"noreferrer noopener\"><em>Les Rose<\/em>: quand personnalit\u00e9s et politiciens font l\u2019apologie du terrorisme<\/a> (30 ao\u00fbt 2020, <em>La Presse<\/em>)<\/li>\n\n\n\n<li class=\"has-small-font-size\"><a href=\"https:\/\/www.fm1077.ca\/audio\/307540\/application-de-tracage-et-covid-19-une-fausse-solution-a-un-vrai-probleme-entrevue-avec-christian-picard-assistant-chercheur-au-reseau-canadien-de-defense-et-securite\" target=\"_blank\" rel=\"noreferrer noopener\">Application de tra\u00e7age et COVID-19: une fausse solution \u00e0 un vrai probl\u00e8me [entrevue]<\/a> (14 mai 2020, Midi actualit\u00e9 &#8211; 107,7 FM Estrie )<\/li>\n\n\n\n<li class=\"has-small-font-size\"><a href=\"https:\/\/www.lesoleil.com\/2020\/05\/13\/application-de-tracage-et-covid-19-une-fausse-solution-a-un-vrai-probleme-2c369fc24dbda55d9616ba51f69196f1\" target=\"_blank\" rel=\"noreferrer noopener\">Application de tra\u00e7age et COVID-19: une fausse solution \u00e0 un vrai probl\u00e8me<\/a> (13 mai 2020, <em>Le Soleil<\/em>)<\/li>\n\n\n\n<li class=\"has-small-font-size\"><a href=\"https:\/\/www.lesoleil.com\/2018\/02\/07\/les-opposants-mont-convaincu-dappuyer-le-registre-b2931a93ffdb7b997791afe0efdb6f92\" target=\"_blank\" rel=\"noreferrer noopener\">Les opposants m\u2019ont convaincu d\u2019appuyer le registre<\/a> (6 f\u00e9vrier 2018, <em>Le Soleil<\/em>)<\/li>\n\n\n\n<li class=\"has-small-font-size\"><a href=\"https:\/\/www.journaldemontreal.com\/2015\/10\/06\/courrier-des-lecteurs-du-7-octobre-2015\" data-type=\"link\" data-id=\"https:\/\/www.journaldemontreal.com\/2015\/10\/06\/courrier-des-lecteurs-du-7-octobre-2015\" target=\"_blank\" rel=\"noreferrer noopener\">Plus de femmes en politique ? Oui. Les imposer ? Non.<\/a> (6 octobre 2015, <em>Le Journal de Montr\u00e9al\/Qu\u00e9bec<\/em>,)<\/li>\n\n\n\n<li class=\"has-small-font-size\"><a href=\"https:\/\/www.journaldemontreal.com\/2014\/11\/10\/la-ftq-et-la-derive-autocratique\" target=\"_blank\" rel=\"noreferrer noopener\">La FTQ et la d\u00e9rive autocratique<\/a> (10 novembre 2014, <em>Le Journal de Montr\u00e9al\/Qu\u00e9bec<\/em>)<\/li>\n<\/ul>\n\n\n\n<p><\/p>\n","protected":false},"excerpt":{"rendered":"<p>Publications scientifiques Profil Google Scholar Analyses acad\u00e9miques Lettres ouvertes<\/p>\n","protected":false},"author":1,"featured_media":0,"parent":0,"menu_order":0,"comment_status":"closed","ping_status":"closed","template":"","meta":{"footnotes":""},"class_list":["post-228","page","type-page","status-publish","hentry"],"_links":{"self":[{"href":"https:\/\/christianpicard.ca\/index.php\/wp-json\/wp\/v2\/pages\/228","targetHints":{"allow":["GET"]}}],"collection":[{"href":"https:\/\/christianpicard.ca\/index.php\/wp-json\/wp\/v2\/pages"}],"about":[{"href":"https:\/\/christianpicard.ca\/index.php\/wp-json\/wp\/v2\/types\/page"}],"author":[{"embeddable":true,"href":"https:\/\/christianpicard.ca\/index.php\/wp-json\/wp\/v2\/users\/1"}],"replies":[{"embeddable":true,"href":"https:\/\/christianpicard.ca\/index.php\/wp-json\/wp\/v2\/comments?post=228"}],"version-history":[{"count":7,"href":"https:\/\/christianpicard.ca\/index.php\/wp-json\/wp\/v2\/pages\/228\/revisions"}],"predecessor-version":[{"id":294,"href":"https:\/\/christianpicard.ca\/index.php\/wp-json\/wp\/v2\/pages\/228\/revisions\/294"}],"wp:attachment":[{"href":"https:\/\/christianpicard.ca\/index.php\/wp-json\/wp\/v2\/media?parent=228"}],"curies":[{"name":"wp","href":"https:\/\/api.w.org\/{rel}","templated":true}]}}